is the greatest common factor of y and d?
2
Let u be -52*((-2)/(-4) + -1). Suppose -4*o - 3*k + 225 = -41, 4*o - k - 258 = 0. What is the highest common factor of u and o?
13
Suppose 111*a = 115*a - 44. What is the greatest common factor of 44 and a?
11
Suppose 362*z = 370*z - 1568. What is the greatest common factor of z and 882?
98
Let c be (-2)/11 + 92/22. Suppose -5*i + 0*p - p = -127, -4*i + 4*p + 92 = 0. Suppose c*s = -s + i. What is the highest common divisor of 25 and s?
5
Suppose 52*b - 2689 = -37. Let p be 4/(-5)*(-85)/2. Calculate the greatest common divisor of b and p.
17
Let z = 434 - 397. Calculate the highest common divisor of z and 111.
37
Suppose -17 = -3*h + 34. Let m be (-1)/(1 + -2) - 1. Suppose 3*s - h + 2 = m. Calculate the highest common divisor of 45 and s.
5
Suppose -29 - 51 = -4*k. Suppose 5*u = 7*u - k. Let q be (-100)/u*6/(-4). Calculate the highest common factor of 75 and q.
15
Suppose 10*k - 3584 = 8*k. Calculate the greatest common divisor of 56 and k.
56
Let t(q) = -q**3 - 15*q**2 + 13*q + 2. Let r be t(-16). Suppose -10*k = -190 + r. What is the greatest common factor of 2 and k?
2
Let j(c) = 4*c - 54. Let i be j(26). Calculate the highest common divisor of i and 60.
10
Let r(k) = 0 - 1 + 0 + 55*k. Let i be r(1). Suppose 5*t = -4*l - 1, -l - 21 = -3*t - 42. Calculate the highest common factor of i and l.
6
Suppose -4*s + 9*s - 30 = -3*o, 5*o = 2*s + 19. Let i(u) = -3*u + o*u**2 - 3*u - 4 - 6*u**2. Let q be i(-2). What is the highest common factor of 44 and q?
4
Let p = 29 + 63. Let i = p + -41. Calculate the highest common divisor of 34 and i.
17
Let t be 0 + 21 + (-2)/1 + -4. What is the highest common divisor of 155 and t?
5
Let t = -139 + 243. Let w = t + -100. Calculate the highest common factor of 76 and w.
4
Suppose 0*l - 448 = -4*l. What is the highest common factor of l and 16?
16
Suppose -3*f - 6*f + 126 = 0. Suppose 53*h - f = 51*h. What is the highest common divisor of 49 and h?
7
Suppose 0 = s - 4*i - 18, -i + 9 = -4*i. Let x be 9/(8 + (-470)/60). What is the highest common factor of x and s?
6
Suppose -51 = -d - 6. Calculate the highest common factor of d and 9.
9
Let v be (144/15)/(9/60). Suppose v = 4*d + 2*i, 4*d - 2*i + 0*i = 80. What is the greatest common divisor of 6 and d?
6
Let x be ((-208)/20)/(1/5). Let t = 65 - x. Suppose 3*d - 4*d + t = 0. Calculate the greatest common divisor of 13 and d.
13
Let k be (-5)/((-5)/16) - 4. Suppose -9*i - 4*y - 23 = -k*i, -32 = -4*i + 5*y. What is the highest common factor of i and 117?
13
Let m(a) = -7*a + 6 + 3*a**2 + 7*a + 6*a. Let f be m(-4). Let q = 1 - -9. Calculate the highest common factor of f and q.
10
Let d = -25 - -46. Suppose 4*s = 2*r - 138, r + s + 28 = 88. What is the highest common divisor of r and d?
21
Suppose 3*c - 9 = 2*f, -7*f + 12*f - 15 = -5*c. Calculate the greatest common factor of 5 and c.
1
Let n(m) = 3*m**2 - 5*m**2 - 3*m + 1 - 5 - 2*m. Let a be n(-2). Let b be (8 + -6)/(a/(-63)). What is the greatest common factor of b and 7?
7
Let z = 20 - 9. Let f = 15 - z. Suppose 0 = -5*g - f*i + 340, -4*g + 52 = -3*g + 4*i. What is the highest common divisor of 24 and g?
24
Let w(s) = s**3 + 16*s**2 - 54*s + 3. Let h be w(3). Calculate the highest common divisor of h and 12.
12
Suppose -10*b = 130 - 340. Suppose -4*j + 237 = -519. Calculate the greatest common divisor of b and j.
21
Let l(u) = u**3 + 7*u**2 + 6*u + 3. Let g be l(-6). Suppose -g*d + 4*d - 17 = 0. What is the highest common divisor of 136 and d?
17
Let s = -33 + 36. Let l be 10*s/(3 - -3). What is the highest common factor of l and 2?
1
Let x be (-78)/(-14) - 20/35. What is the highest common factor of x and 80?
5
Let c = -115 - -133. Suppose 2*r + 5*p = 344, -2*r = -3*r - 5*p + 182. What is the highest common factor of c and r?
18
Let t be -132 + (2 + -6)/(-4). Let c = 47 - t. Suppose c = 5*s + 18. What is the highest common divisor of 8 and s?
8
Suppose -19 = -n - 4. Calculate the greatest common factor of 35 and n.
5
Let p = 324 + -317. Calculate the highest common factor of p and 259.
7
Suppose -3*q = -w + 26, -q + 43 = -3*w + 161. Let u = w + -40. Calculate the highest common divisor of u and 6.
1
Let a = -91 + 95. Suppose 47 + 113 = a*y. Calculate the highest common divisor of 60 and y.
20
Let l(j) = -2*j - 7 + 0*j + j**2 + 6*j - 3*j. Let r be l(4). Suppose 0*i + i = 39. Calculate the highest common factor of i and r.
13
Let r = -26 + 46. Let m be 8/(-100)*-5*r. Calculate the greatest common factor of 32 and m.
8
Let g(l) = 4*l. Let j(t) = 1. Let i(c) = -g(c) - 4*j(c). Let q be i(-2). Let y be (q + -1 - -3)/2. What is the greatest common divisor of y and 3?
3
Suppose 5*g - 1039 = 3*s - 6674, -3*g = -4*s + 7506. Calculate the highest common factor of s and 25.
25
Let r be 5/(((-4)/(-1))/28). Let c be (1 + -1)*(-7 - -8). Suppose 5*g - 49 - 21 = c. What is the greatest common divisor of r and g?
7
Let i(m) = 35*m + 1. Let p be i(1). Let k(q) = -q**3 + 12*q**2 - 11*q + 9. Let x be k(11). What is the highest common divisor of p and x?
9
Let g(a) = -a**2 - 10*a - 38. Let w be g(-6). Let j = 40 + w. Calculate the greatest common factor of j and 13.
13
Let u be (-84)/((-20)/(-5))*-2. Suppose 6 = -3*d + u. What is the greatest common factor of d and 60?
12
Let a(c) = -3*c + 28. Let t be a(7). Suppose 0 = v - 5*g - 35, -2*g - 70 = -2*v + 2*g. What is the greatest common divisor of t and v?
7
Let p(m) = 13*m + 3*m**2 - 18*m - m**2 - m**2 + 4. Let s be p(5). Suppose -4*z + 5*z = -4*y, 64 = 5*z + s*y. Calculate the highest common divisor of 144 and z.
16
Let q(p) = -2*p + 16. Let f be q(7). Suppose 3*y - f*n + 0*n - 168 = 0, 111 = 2*y - n. What is the greatest common divisor of 36 and y?
18
Let m be (-15)/2*18/9. Let j = m - -19. Suppose 2*o - l = 20, -2*o + 2*l + 2*l + 32 = 0. Calculate the highest common divisor of o and j.
4
Let h(z) = z**3 + 9*z**2 - 4*z - 1. Let d be h(-9). Let i be (-7)/(d/20) - -13. Calculate the highest common factor of 9 and i.
9
Suppose 4*u - 3*y - 17 = 0, 7 = -7*u + 3*u - 5*y. Suppose 23*s + 16 = 27*s. Calculate the highest common factor of u and s.
2
Let q(z) = z**2 - 3*z - 4. Let j be q(-3). Let s be (-2)/j - 13404/(-42). Calculate the greatest common factor of s and 29.
29
Let v(l) = -2*l + 24. Let j be 18/(-12) + (-6)/(-4). Let c be v(j). Let x = c - -7. What is the highest common divisor of 31 and x?
31
Suppose 4*g + 4*z - 12 = 0, -2*g - 3*z = -7 - 0. Suppose 0*c = -5*c - g*n + 290, 0 = c + n - 58. Let i = -20 + 49. What is the highest common factor of c and i?
29
Let i be (3/(-9) - 0) + (-3474)/(-54). What is the highest common factor of 192 and i?
64
Let m = 234 - 8. Suppose 0 = 2*o - m + 64. Calculate the greatest common factor of 9 and o.
9
Suppose -m + 5*h + 40 = 2*m, -2*h = -4*m + 44. Suppose 46 = r + m. What is the highest common divisor of 12 and r?
12
Let x = 30 - 30. Suppose 0 = f - x*f - 90. What is the greatest common divisor of 10 and f?
10
Let u(i) = -i**3 + 9*i**2 - 7*i - 25. Let w be u(7). Calculate the greatest common factor of 12 and w.
12
Let x = 25 - -65. Suppose -2*r + 20 = 2*v, -5*r = 5*v - 2*r - 50. Calculate the greatest common factor of v and x.
10
Suppose 0 = -2*n + 33 + 111. Suppose 4 = q - 4. Calculate the highest common factor of q and n.
8
Suppose -19*o + 3990 = 2*o. Calculate the greatest common divisor of 10 and o.
10
Let r be 3*(2 + (-4)/6). Suppose 3*l - 189 = 5*y, -2*y - 16 = -l + 46. What is the highest common factor of l and r?
4
Let y(r) = -66*r - 3. Let x be -2 + ((-2)/(-4))/((-12)/(-24)). Let o be y(x). Calculate the greatest common divisor of 9 and o.
9
Let b(k) = k**3 - 10*k**2 + 7*k + 7. Let r be b(9). Let w = r + 17. Calculate the highest common divisor of 4 and w.
2
Suppose 5*x + 93 - 103 = 0. What is the highest common factor of x and 3?
1
Let z be 47 - 15 - (-1 - (0 - -3)). What is the highest common divisor of z and 204?
12
Let y be 3 - ((1 - -1) + (-3 - 1)). Suppose y*m = 8*m - 93. What is the highest common factor of m and 31?
31
Let x be -6*(-30)/(-12)*-3. What is the greatest common factor of x and 54?
9
Let q(w) = w + 5. Let g be q(-3). Suppose -g*h = a - 26 - 50, -5*h + 304 = 4*a. Let t = -4 + a. Calculate the highest common divisor of 9 and t.
9
Let r(o) = 28*o**2 - 2*o. Let g be r(1). Ca